{"id":1271,"date":"2021-09-23T21:42:03","date_gmt":"2021-09-24T00:42:03","guid":{"rendered":"https:\/\/sistemafaeal.org.br\/faeal\/?page_id=1271"},"modified":"2021-09-23T21:42:03","modified_gmt":"2021-09-24T00:42:03","slug":"apresentacao","status":"publish","type":"page","link":"https:\/\/sistemafaeal.org.br\/faeal\/apresentacao\/","title":{"rendered":"Apresenta\u00e7\u00e3o"},"content":{"rendered":"<table border=\"0\" width=\"100%\" cellspacing=\"0\" cellpadding=\"3\" bgcolor=\"#D0EAD2\">\n<tbody>\n<tr>\n<td class=\"barr_titulos\" align=\"left\" valign=\"middle\">Apresenta\u00e7\u00e3o<\/td>\n<\/tr>\n<\/tbody>\n<\/table>\n<div align=\"justify\">\n<p class=\"tema2\" align=\"justify\">HIST\u00d3RICO<\/p>\n<\/div>\n<p align=\"justify\">A\u00a0<strong>Federa\u00e7\u00e3o da Agricultura e Pecu\u00e1ria do Estado de Alagoas<\/strong>, anteriormente denominada Federa\u00e7\u00e3o das Associa\u00e7\u00f5es Rurais do Estado de Alagoas &#8211;\u00a0<strong>FERGOAS<\/strong>\u00a0&#8211; (de 1953 a 1968), foi reconhecida pelo Minist\u00e9rio do Trabalho, em 9 de setembro de 1968.<\/p>\n<p align=\"justify\">Presidentes:<\/p>\n<p align=\"justify\">De 1968 a 1988: Dr. Jo\u00e3o Carlos de Albuquerque Filho<\/p>\n<p align=\"justify\">De 1988 a 2000: Dr. Jo\u00e3o Eudes Leite Soares<\/p>\n<p align=\"justify\">De 2000 at\u00e9 a presente data: Dr. \u00c1lvaro Arthur Lopes de Almeida.<\/p>\n<p><span class=\"tema2\">MISS\u00c3O E OBJETIVOS DA FAEAL<\/span><\/p>\n<p align=\"justify\">Entidade sindical de grau superior, com sede e foro em Macei\u00f3 &#8211; AL e jurisdi\u00e7\u00e3o em todo o Estado de Alagoas, \u00e9 constitu\u00edda para fins de estudo, coordena\u00e7\u00e3o, desenvolvimento, defesa, prote\u00e7\u00e3o e representa\u00e7\u00e3o legal da categoria econ\u00f4mica dos ramos da agropecu\u00e1ria e do extrativismo rural, sem fins lucrativos. \u00c9 parte integrante do Sistema CNA, que \u00e9 composto pela Confedera\u00e7\u00e3o Nacional da Agricultura, Federa\u00e7\u00e3o da Agricultura e seus filiados, os Sindicatos dos Produtores Rurais.Tem como objetivos, pleitear e adotar medidas cab\u00edveis aos interesses dos sindicatos filiados, constituindo-se em defensora e cooperadora ativa e vigilante de tudo quanto possa concorrer para a prosperidade da categoria que representa; estudar e buscar solu\u00e7\u00f5es para as quest\u00f5es e problemas relativos \u00e0s atividades rurais; promover, quando couber, a solu\u00e7\u00e3o, por meios conciliat\u00f3rios dos diss\u00eddios ou lit\u00edgios concernentes \u00e0s atividades compreendidas em seu \u00e2mbito de representa\u00e7\u00e3o; organizar e manter os servi\u00e7os que possam ser \u00fateis aos sindicatos filiados, prestando-lhes assist\u00eancia e apoio em conson\u00e2ncia com os interesses gerais da categoria.<\/p>\n","protected":false},"excerpt":{"rendered":"<p>Apresenta\u00e7\u00e3o HIST\u00d3RICO A\u00a0Federa\u00e7\u00e3o da Agricultura e Pecu\u00e1ria do Estado de Alagoas, anteriormente denominada Federa\u00e7\u00e3o das Associa\u00e7\u00f5es Rurais do Estado de Alagoas &#8211;\u00a0FERGOAS\u00a0&#8211; (de 1953 a 1968), foi reconhecida pelo Minist\u00e9rio do Trabalho, em 9 de setembro de 1968. Presidentes: De 1968 a 1988: Dr. Jo\u00e3o Carlos de Albuquerque Filho De 1988 a 2000: Dr. Jo\u00e3o [&hellip;]<\/p>\n","protected":false},"author":1,"featured_media":0,"parent":0,"menu_order":0,"comment_status":"closed","ping_status":"closed","template":"","meta":{"_acf_changed":false,"footnotes":""},"class_list":["post-1271","page","type-page","status-publish","hentry"],"acf":[],"_links":{"self":[{"href":"https:\/\/sistemafaeal.org.br\/faeal\/wp-json\/wp\/v2\/pages\/1271","targetHints":{"allow":["GET"]}}],"collection":[{"href":"https:\/\/sistemafaeal.org.br\/faeal\/wp-json\/wp\/v2\/pages"}],"about":[{"href":"https:\/\/sistemafaeal.org.br\/faeal\/wp-json\/wp\/v2\/types\/page"}],"author":[{"embeddable":true,"href":"https:\/\/sistemafaeal.org.br\/faeal\/wp-json\/wp\/v2\/users\/1"}],"replies":[{"embeddable":true,"href":"https:\/\/sistemafaeal.org.br\/faeal\/wp-json\/wp\/v2\/comments?post=1271"}],"version-history":[{"count":1,"href":"https:\/\/sistemafaeal.org.br\/faeal\/wp-json\/wp\/v2\/pages\/1271\/revisions"}],"predecessor-version":[{"id":1272,"href":"https:\/\/sistemafaeal.org.br\/faeal\/wp-json\/wp\/v2\/pages\/1271\/revisions\/1272"}],"wp:attachment":[{"href":"https:\/\/sistemafaeal.org.br\/faeal\/wp-json\/wp\/v2\/media?parent=1271"}],"curies":[{"name":"wp","href":"https:\/\/api.w.org\/{rel}","templated":true}]}}